r?
True
Suppose 0 = -3*i + 2*q + 6092, 5*i - q - 10158 = -0*q. Suppose -i - 5800 = -4*n. Suppose -10*o = -12*o + n. Is o prime?
False
Let m = -5868 - -8305. Is m prime?
True
Let v(x) be the first derivative of 2*x**3/3 + x**2 + x + 22. Is v(-11) a prime number?
False
Let n = 21 - 27. Let a(p) = -3*p**3 - 4*p**2 + 8*p + 1. Is a(n) a prime number?
True
Let y = 18 + -15. Let v(x) = -143*x**2 - x - 4. Let z be v(y). Is z*((-18)/(-4))/(-9) composite?
False
Suppose 3*d = 2*m - 5*m - 279, 3*d + 267 = m. Let n = -4846 - -3435. Is (-20)/d + n/(-9) composite?
False
Let t(z) = -z - 7. Let i be t(-10). Suppose i*a + 0*a = 54. Suppose -5*w + 41 = 3*g, 5 - a = -w - 3*g. Is w a prime number?
True
Let d(c) = -21*c**2 + 2*c + 10. Suppose -8*g - 40 = -4*g. Let t be d(g). Is (-2)/6 - t/3 prime?
False
Suppose 880 = -7*j + 3*j - 4*b, 3*b = -9. Let k = j + 1384. Suppose 3*o + 2*n = k, 4*o - 606 = n + 950. Is o a prime number?
True
Let s = -8013 + 14516. Is s prime?
False
Suppose -3*j = -2*i + 6, -2*j - 8 = 5*i + 2*j. Suppose 8*g - 3*g - 2035 = i. Is g a composite number?
True
Let c = 1 - -1. Suppose -3*d - 261 = -5*z, 5*z - d - 253 = -c*d. Is z composite?
True
Suppose 3 = 4*v + 11. Let a be 6/v - (-1 - -5). Is (-13)/2*(a + 1) a composite number?
True
Let g = -826 + 4523. Is g a composite number?
False
Let m = -668 - -1413. Is m a prime number?
False
Suppose 0 = -4*d - 4*z + 32, -d + 3*d - 2*z - 32 = 0. Suppose -m - d + 46 = -3*o, -42 = -m + o. Is m a composite number?
True
Let d(v) = -v**2 + 11*v + 10. Let c be d(9). Let x = c - -27. Is x a prime number?
False
Let p = -81 - -84. Suppose 7*k - 4*k - 4197 = -p*h, -4*k = 3*h - 5594. Is k a composite number?
True
Let x(d) = -1693*d + 888. Is x(-7) composite?
False
Suppose l = 4*z + 32, 0*l = 4*l + z - 145. Suppose 0 = -3*n - l + 4947. Is n prime?
True
Suppose 4*q + 4*v - 9900 = 0, 0*q + 5*v + 12325 = 5*q. Let l = 4407 - q. Is l prime?
False
Let l = 1729 + 1080. Is l composite?
True
Let y = -220 - -89. Let j = -48 - y. Is j a prime number?
True
Let b = -162 + -399. Let o = b - -916. Let h = o - 240. Is h prime?
False
Suppose 5*p = 42137 - 9042. Let u = p - 4698. Is u a composite number?
True
Suppose 42558 = 26*k - 20*k. Is k a prime number?
False
Let z be -37 + (1/1 - 0). Let a = -24 + 7. Let u = a - z. Is u a prime number?
True
Let o = 7 + -33. Let w = -17 - o. Is (-1149)/(-9) - 6/w prime?
True
Suppose -34795 = 40*t - 45*t. Is t prime?
True
Suppose 0 = -4*r - 0*r + 8848. Suppose 3*h = -607 + r. Is h prime?
False
Let n = -57 + 46. Let a(q) = 14*q**2 + 11*q - 14. Is a(n) a composite number?
False
Let i be 7*-4*(-100)/(-16). Let t = 667 - i. Let s = t + -255. Is s prime?
True
Suppose -3*u = d - 81170, -13*d + 8*d - 4*u + 405861 = 0. Is d a prime number?
True
Suppose 123 = -4*p + 2*o + 2103, -4*o + 980 = 2*p. Suppose -3*d + 88 = -p. Is d prime?
False
Let y = 37 - 68. Let f = 973 + -973. Let a = f - y. Is a prime?
True
Let x(j) = -j**2 + 6*j - 3. Let c be x(5). Suppose 0 = -3*w - k + 62, 0 = -3*w + c*k + 2 + 45. Is w prime?
True
Let q(m) = -41*m + 4. Let g be q(-18). Let n = -505 + g. Is n a composite number?
True
Let z(n) = -41*n - 4. Let b(h) = h. Let o(p) = 2*b(p) - z(p). Suppose -38*q + 42 = -24*q. Is o(q) composite?
True
Let r be 55/15 + (-4)/6. Suppose r*t + x = 205, 4*t - 2*x - 252 = 2*x. Is t composite?
False
Suppose a - 4 = 0, -t - 5*a + 65 = 2*t. Suppose -2*k = -c + 2 - 77, -5*c = -t. Is k prime?
False
Let j(k) = 7*k**3 + 2*k**2 + 11*k - 6. Let m(s) = -15*s**3 - 4*s**2 - 21*s + 11. Let b be (12/10)/((-4)/10). Let h(w) = b*m(w) - 5*j(w). Is h(4) composite?
False
Suppose -22*m = 49371 - 325933. Is m a prime number?
False
Suppose 3*m = 7*m + 8, 0 = 5*x - 2*m - 114. Let d(s) = s**3 - 21*s**2 - 17*s + 11. Is d(x) a composite number?
True
Is (-458365*(-16)/(-400))/(1/(-5)) prime?
True
Suppose 4 = k + 1. Let c be (-1 - (-2 + k)) + 14. Let y = c + -9. Is y composite?
False
Let a be (-1)/((-4)/84 - 0). Suppose -5*x = k - 4*k + 81, 3*k = x + a. Let d = 7 - x. Is d composite?
True
Let m be 19/4 - 7/(-28). Suppose 8 = m*g - g. Suppose -g*r + 7*r = 485. Is r composite?
False
Is 8809/9 - 104/(-468) prime?
False
Let l = -5287 + 33166. Is l a composite number?
True
Suppose -4*t = 4 + 8. Let q be -95 - 1 - (-9)/t. Let p = 322 + q. Is p a composite number?
False
Let c be (53 - (5 - 6))/(-1). Is 12/c + 1496/9 a composite number?
True
Let v be 12/2*3/1. Let u be 2/12 + (-39)/v. Is (-2)/8*166*u composite?
False
Suppose 3*f - 16873 - 11006 = 0. Is f prime?
True
Suppose -c - c = 12. Let x(n) = n**2 + 12*n - 3. Let m be x(c). Let h = m + 64. Is h a prime number?
False
Let c(l) = 5376*l - 43. Is c(1) composite?
False
Let j be 78/(-9)*(5/(-2) - -1). Suppose -j*x = -9*x - 556. Is x a composite number?
False
Let p(n) = 30*n**2 - 72*n - 149. Is p(-47) composite?
True
Let l = 1853 - -1188. Is l a prime number?
True
Let g(u) be the first derivative of 5*u**4/2 - 2*u**3/3 + u**2/2 + u + 1. Let q be g(2). Suppose 664 = 3*d - h - q, 10 = 5*h. Is d composite?
True
Let s(w) be the third derivative of -w**6/24 - w**5/20 - 7*w**4/24 - 5*w**3/6 + 16*w**2. Is s(-2) a composite number?
False
Let o = -87 + 1146. Let f = -478 + o. Is f prime?
False
Let j = -2 - -5. Suppose -4*s - 1 + 7 = -2*y, 0 = j*s + y + 8. Is (-2 - s)*(-4 - 631) a composite number?
True
Suppose 0 = 4*w + 5*u - 13027, -5*w + 4*w + 3*u = -3278. Is w a composite number?
True
Let d = 10 + -5. Suppose q = -2*y + 7, -2*y - 4*q = -d*y - 17. Is (y*-1)/(4/(-2252)) a prime number?
True
Let b = 1019 - -1534. Is 2/8 - (b/(-12) - -2) composite?
False
Suppose -9900 = -6*a + 28*a. Let b = -11 - a. Is b prime?
True
Let c(o) = o**2 + 5*o + 2. Suppose 0 = -2*j + 7*j - x - 16, j - x = 4. Is c(j) a composite number?
True
Suppose -5*p + 3*p = 18. Let j(r) = -r**2 - 9*r + 3. Let x be j(p). Suppose -x*q = 4*z - 0*z - 971, -5*z = 3*q - 1210. Is z a prime number?
True
Suppose 5*v = 3*q + 1, q = 6*q + 5*v + 15. Let b(x) = 47*x**2 - 2*x - 1. Is b(q) composite?
False
Suppose 2*i + 27 = 5*u, -4*i - 4*u = -u + 15. Let c(t) = -t**3 + 3*t**2 - 4 + 17 - 2*t**2 + 9*t. Is c(i) prime?
True
Suppose 5*p = -5*s + 2*p + 318028, 4*s + 5*p = 254425. Is s prime?
False
Suppose 5*r - 1 = 14. Suppose -3*h = -5*l - 5588, r*h - 630 = 3*l + 4956. Is h prime?
True
Suppose 0 = 3*r + 15, -n + 4*n + 2*r - 11 = 0. Let f = 189 - 177. Let l = f + n. Is l a composite number?
False
Suppose 72789 - 228108 = -23*n. Is n a prime number?
False
Let x be (169/4)/((-6)/(-24)). Let z = 69 - x. Let k = -18 - z. Is k a prime number?
False
Suppose -3*s = -4*i + 3, -s = -2*i + 5 - 4. Suppose i = -5*t + 2*r - 6*r + 1705, 0 = r. Is t a composite number?
True
Let n(z) = -3*z**2 - 65*z - 21. Let a(v) = -v**2 - 22*v - 7. Let h(p) = 17*a(p) - 6*n(p). Let i be h(-16). Is i*(0 - (2 - 3)) composite?
False
Suppose 2*b + 1008 = o, 0 = 4*b + 3*o - o + 2016. Let a = b + 986. Is a prime?
False
Suppose 40*z - 51269 - 380931 = 0. Is z composite?
True
Suppose -105436 - 7394 = -6*f. Is f a prime number?
False
Is 3*1*(-29942)/(-66) prime?
True
Suppose -14*d + 206896 = j - 11*d, -2*j + 2*d + 413816 = 0. Is j a composite number?
True
Let h = 4 + 0. Suppose -g = -5, h*t - 7096 = -2*g + 6*g. Is (t/6 - 2)*2 prime?
False
Is (28356/2 - -1)*(11 + -10) composite?
True
Let f = 6045 + -2066. Is f a composite number?
True
Let g = -5 + 7. Let q = 615 + 228. Suppose -q = -g*j - 205. Is j composite?
True
Let v be 10/3 + 4/(-12). Suppose 0 = 3*j - 3*r - 1209, -r + 1 = v. Is j a prime number?
True
Let o = -51 + 53. Is (o + -3)/(8/(-14992)) prime?
False
Let g = 859 + 52. Is g a composite number?
False
Let l(a) = a**3 + 5*a**2 - a - 1. Suppose 5*c - 93 = -113. Is l(c) prime?
True
Let j be 4 + 4 + (-2 - -6). Suppose w - 12 = -2*w. Suppose 0 = -w*c + 4*i - 6*i + 1516, 3*i = -j. Is c a prime number?
False
Suppose -3*o - 8 = 2*q, 6 = -5*o + 7*q - 3*q. Let c(g) = -5*g**3 - 2*g**2 - g - 4. Let a be c(o). Suppose 3*v - a = v. Is v prime?
False
Suppose 5*z = -k - 4*k - 160, 4*z + 134 = -2*k. Let w be 1/5 + 182/z. Is ((-6)/w)/(2/395) a prime number?
False
Let b(f) = -f**3 - 2*f**2 + 15*f + 29. Is b(-8) composite?
False
Let k = -45 + 23. Suppose 0 = 15*m - 12*m + 45. Let a = m - k. Is a prime?
True
Let c(x) = -2*x**3 + x**2 + x + 1119. Is c(0) a composite number?
True
Let q = -1 - -2. Let k be (4